is the tens digit of c?
8
Let a(j) = j**2 - 2*j. Let n be a(2). Let i be (-15)/(60/8) + 6. Suppose x + 3*l - 172 = n, -12*x + 14*x = i*l + 304. What is the tens digit of x?
6
Suppose k + 497 = m - 658, -1140 = -m + 4*k. Suppose 0*t = 5*t - 2*j - m, -5*t = -j - 1165. What is the units digit of t?
4
Let u(d) = 2*d**2 + 15*d + 5. Let k be u(-12). Suppose l = k + 257. What is the hundreds digit of l?
3
Let d be 3 + (-11 - -4 - -24). What is the units digit of 15650/d - (6/4 - 1)?
2
Let h(z) = -z**3 - 11*z**2 + 16. Let d be h(-11). Suppose 6*l - d*l = -10. What is the units digit of l?
1
Suppose -4410 = -56*b - 98. Suppose 0 = -34*h + b*h - 15824. What is the tens digit of h?
6
Let t(b) = 1754*b + 5532. What is the hundreds digit of t(43)?
9
Let f(a) = -14*a + 22. Let o be f(5). Let v = 67 - o. Let i = 209 - v. What is the tens digit of i?
9
Suppose 359 = -7*d - 607. Let z = -83 - d. Suppose -z - 580 = -5*u. What is the tens digit of u?
2
Suppose 8*j = 3*j + 5. Let y(a) = 113*a**3 + a**2 - 32 - 5*a + 19 + 16. What is the hundreds digit of y(j)?
1
Suppose 3*o = 5*u - 773, 78 + 83 = u + o. Suppose w + 23*r + 51 = 19*r, 0 = -2*w + 4*r - 174. Let t = w + u. What is the units digit of t?
2
Let i = -29 + 71. Let f = i + -28. Suppose 3*w - 292 - f = 0. What is the units digit of w?
2
Let l(x) = 1497*x**2 + 9*x + 27. What is the thousands digit of l(-2)?
5
Let l be ((-8)/(-5))/(28/1050). Suppose -p + 5*p = 20. Suppose -3*n = -8*n - p, 2*m + 4*n - l = 0. What is the units digit of m?
2
Suppose 4*u - 19771 = 3*z, -z + 14 - 15 = 0. What is the units digit of u?
2
Suppose 12*w + 0*w = 168. Let u be (-12 + w)*(3 + -2). Suppose 0 = -4*x - u*i + 126, 5*x - 116 = -3*i + 41. What is the tens digit of x?
3
Let q(x) = 6*x - 6. Let s = -21 - -9. Let n(o) = -2*o - 20. Let j be n(s). What is the units digit of q(j)?
8
Let c = -1272 + 3522. Suppose -4*o - 4*y + c = -46, -3*o - 4*y + 1725 = 0. What is the units digit of o?
1
Suppose 0 = 5*c - 2*n - 340198, c - 2*n + 15025 = 83063. What is the thousands digit of c?
8
Let b(l) = -l**2 + 15*l - 27. Let c be b(12). Let f be (-2)/c + (-632)/(-9). Suppose 3*h + n - 22 = 0, 5*n + f = 4*h + h. What is the units digit of h?
9
Suppose 20 = 4*i, 2*j - 2*i + 10 = 4*j. Let l(h) = 122*h - 4. Let c be l(4). Suppose 4*n + j*n = c. What is the hundreds digit of n?
1
What is the thousands digit of ((-6221530)/(-45))/7 + 38/342?
9
Suppose -1 = -b - 3*t + 2*t, 5 = 5*t. Suppose 4*s - 3398 - 698 = b. What is the units digit of s?
4
What is the tens digit of (19/38 + 1)*25962/9?
2
What is the thousands digit of ((-590)/(-2 + 12))/((-4)/2404 + 0)?
5
Suppose 18*v - 20918 = 19393 + 184041. What is the ten thousands digit of v?
1
Suppose -i = i - 160. Suppose 0*c - 142 = 2*s - 3*c, 94 = -2*s - 9*c. Let a = s + i. What is the units digit of a?
5
Let n(d) = -3*d**2 - 20*d - 4. Let k be n(-25). Let b = 2475 + k. What is the units digit of b?
6
Suppose 15 = 73*a - 70*a. Suppose -4*v - 10 = -2*p + 28, -4*v = a*p - 81. Suppose 20*t - 87 = p*t. What is the tens digit of t?
2
Let r(k) = -k - 31. Let x(z) = -3*z - 62. Let p(o) = -5*r(o) + 3*x(o). Let q be p(-9). Suppose 25 = q*g, 5*g - 2*g - 401 = -2*y. What is the units digit of y?
3
Let k = 385 - -332. Suppose -49*t + 46*t = -k. What is the tens digit of t?
3
Let r(s) = -2*s**2 + 33*s - 8. Let d be r(9). Suppose 4*m - 481 = d. What is the units digit of m?
2
Let f(w) be the third derivative of w**5/60 - w**4/8 - 8*w**3/3 + 12*w**2. What is the tens digit of f(-5)?
2
Let d(m) = m**3 + 5*m**2 - 6*m + 1. Let q be d(-6). Suppose -s + 4 = -q. Suppose -4*p = -3*p - i - 36, 3*p + s*i - 108 = 0. What is the tens digit of p?
3
Suppose 5*z - 62 - 8 = 0. Let c(i) = 2*i - 28. Let g be c(z). Suppose -3*y + 74 + 79 = g. What is the tens digit of y?
5
Suppose 0 = 151*f - 66*f - 266645. What is the units digit of f?
7
Let s = 58328 + -19410. What is the tens digit of s?
1
Suppose 0 = 66*i - 1613141 - 1156549. What is the units digit of i?
5
Let t(v) = -v**3 + 7*v**2 - 5*v - 6. Let x be t(6). Suppose -5*o + 606 + 1574 = x. What is the units digit of o?
6
Let q(n) = -n**2 + 3*n - 5. Let d be q(10). Let t = -77 - d. What is the tens digit of (5 - 4)/(t/(-118))?
5
Let q(u) = -113*u**3 - 2*u**2 - 17*u + 1. Let m be q(5). What is the tens digit of 4/12*m/(-7)?
7
Let f(j) = 22 - 7 + 4*j + 21 - 15*j - 8. Suppose 9 = -k + 4*y - 3, 3*y - 14 = 2*k. What is the tens digit of f(k)?
7
Let g = 72 + -89. Let l = g - -33. Suppose -l*p = -15*p - 18. What is the tens digit of p?
1
What is the thousands digit of (4 - -1346) + 4 + -3 + 2?
1
Suppose 0 = -13*k + 111*k - 1228038. What is the tens digit of k?
3
Suppose 142*i - 1248997 - 3089813 = 0. What is the ten thousands digit of i?
3
Let o(d) = d**3 - 10*d**2 - 4. Let h be o(10). Let v(b) = 54*b**2 + 20*b - 3. What is the hundreds digit of v(h)?
7
Let v be (-5)/(-2) - (-7)/((-28)/6). Let j be 139 + (3/(-1) - (-6 + v)). Suppose 15*r - 18*r = -j. What is the units digit of r?
7
Let j = 63993 + -14413. What is the units digit of j?
0
Let l be 3/(-1*3)*(2 - 2). Suppose l = 5*n - 329 + 79. Let i = 113 - n. What is the tens digit of i?
6
Suppose 4 = 2*r - 4. Suppose -4*h + r*j + 428 = 0, h + 3*h = -5*j + 437. What is the hundreds digit of h?
1
Let y be 4*(0/3 + 1/4). Let c be (136/(-32) - -3)/(y/(-8)). Let r = 304 - c. What is the tens digit of r?
9
Let z(k) = -4*k - 3. Let y be z(-2). Suppose 3*r = 6*r + s - 264, 15 = y*s. Let b = -55 + r. What is the units digit of b?
2
Let k = -473 - -515. Suppose k*i - 10039 = 40571. What is the thousands digit of i?
1
Let l = 1779 + -823. Suppose -26*v + 25*v + l = 0. What is the units digit of v?
6
Suppose 26*g - 22 = 27*g - 2*p, -44 = 2*g + 2*p. Let b = 12 + 22. Let z = b + g. What is the units digit of z?
2
Let c(b) = -18*b**2 + 1. Let t be c(-1). Let f = t - -18. Suppose 3*o + r = 114, -3*r + f = -2*o + 88. What is the tens digit of o?
3
Let p(k) = -2*k**3 + 19*k**2 - 9*k - 43. Let n be p(7). Let c(q) = -q - 3. Let w be c(5). Let m = n + w. What is the hundreds digit of m?
1
Let r(f) = f**3 - 22*f**2 - 194*f - 147. What is the units digit of r(45)?
8
Let y = 24284 - 13303. What is the hundreds digit of y?
9
Let z = 7522 - -13505. What is the hundreds digit of z?
0
Suppose 6*g + 70 = 28. Let x be g/(-7) - (2 + -4). Suppose 287 = 5*a + 2*t, 0 = a + 7*t - x*t - 61. What is the units digit of a?
7
Let t be ((-2)/4)/(((-68)/48)/(-17)). Let q be (4*-1)/(t/(-234)). Let p = q + 304. What is the units digit of p?
8
What is the thousands digit of (-8)/(-10) + (5/5)/(60/1236732)?
0
Let k = 61 - 34. Let b = -24 + k. What is the tens digit of (b + 225/(-3))/((-6)/4)?
4
Suppose 0*f = 3*f + 2*t + 11, -2*f + 4*t = 18. Let n be f/(-1) - (-7 - -7). Suppose n*v - 2*i = 471, 0*i + i - 2 = 0. What is the units digit of v?
5
Suppose -21*y + 15246 = -17388. What is the hundreds digit of y?
5
Let o = 998 + -613. Suppose 9*z = 4*z + o. Suppose -z = -3*a - 2*k, -4*k - k - 118 = -4*a. What is the tens digit of a?
2
Let w(u) = -u**2 + 4*u + 21. Let m be w(17). Let g = m - -847. What is the hundreds digit of g?
6
Let g(r) = -29*r + 9. Suppose 0 = -7*u - 9 + 37. Suppose -12 = -0*k + k - u*b, -3*k - b = 23. What is the tens digit of g(k)?
4
Suppose -4*j + 54833 = 5*y, -17*j + 15*j + y + 27413 = 0. What is the ten thousands digit of j?
1
Let w(f) = 211*f + 1. Let v be w(1). Let u = v + 163. Suppose -5*s = 5*d - u, -4*s + 324 = -0*d - 4*d. What is the units digit of s?
8
Let i(t) = -17*t - 99. Let y be i(-6). What is the hundreds digit of (50/15 - 3) + 866/y?
2
Let b(s) = s**3 + 19*s**2 - s - 2. Let v be b(7). Suppose 1027 + v = 6*y. What is the units digit of y?
2
Suppose 109968 = 5760*g - 5756*g. What is the hundreds digit of g?
4
Let r = -85 - -109. Suppose 25*c = r*c + 889. What is the hundreds digit of c?
8
Suppose 2*o = -0*o - 4. Let h(p) = 2*p**3 + 47*p**2 + 3*p + 46. Let x be h(-25). What is the tens digit of ((-2)/(-4))/(4*o/x)?
1
Suppose 36*z - 39*z = c - 2726, 4*z = -3*c + 8178. What is the hundreds digit of c?
7
Suppose -36*g + 39*g - 86879 = i, 28973 = g + 3*i. What is the units digit of g?
1
Suppose 2*y = -4, -4*y = -4*j + 16 + 8. Suppose 3*w - 2*i = -i + 7, j*i + 8 = 2*w. What is the tens digit of w/(-4) + (-1143)/(-18)?
6
Let i(v) = 4*v**3 - 6*v**2 + 32*v - 232. Wha